prime number?
False
Suppose 0 = -4*k + 2*k + 4. Suppose k = w - 1. Suppose 0 = -4*s - w*y + 886, -y + 255 - 703 = -2*s. Is s composite?
False
Let y(d) = -2*d**3 - 21*d**2 + 182*d + 76. Is y(-41) a composite number?
True
Is (-3 - -4 - 719546)*(-22)/165*3 a composite number?
True
Is 157 + 388074 - 2*-8 a prime number?
False
Let t = -72 - -75. Is (-3268 + 0)/(-2) - t a composite number?
True
Let c = 212741 - 125146. Suppose 0 = 3*g + 2*g - b - c, 0 = 3*g - 3*b - 52557. Is g prime?
True
Let s = -427 - -412. Let j(l) = -l**3 - 16*l**2 - 34*l + 10. Is j(s) a prime number?
False
Suppose -36*d = -706 - 1526. Suppose -d*u = -73*u + 21241. Is u prime?
True
Let x = 194 - 185. Let j(l) = l**3 + 4*l**2 + 3*l + 7. Is j(x) a composite number?
False
Suppose -2*g + 5819 + 9759 = 0. Is g composite?
False
Suppose -144*w + 17*w = 37*w - 200505908. Is w composite?
False
Let f = 46 - 30. Let p = f - 16. Is (-2 - p) + 4 + 291 a composite number?
False
Let a = 78 + -72. Let k(f) = f**2 - 32. Let x be k(a). Is x/(-6) + 38950/6 a prime number?
True
Let s be 6 - 4 - (-24)/((-8)/(-4)). Suppose 9*u = 50 - s. Suppose 0 = u*f - 43 - 33. Is f composite?
False
Suppose 3*n - 4*i = 209997, -2*i = 244*n - 249*n + 349967. Is n composite?
False
Let l(u) = -3*u**2 - 25*u - 6. Let h be l(-8). Let d be (-5)/(-2)*h*(-46)/(-5). Let c = 132 - d. Is c a composite number?
True
Suppose -6 = 5*g + 4*s, 0 = g - 5*s - 4 - 18. Suppose -2*f + g - 122 = 0. Is 24/f - 7094/(-10) prime?
True
Suppose -4*t = 145 - 153, -3*o - 4*t + 123017 = 0. Is o composite?
True
Let v(t) = 20*t + 36. Let p(o) = -7*o - 12. Let y(r) = 11*p(r) + 4*v(r). Let d be y(10). Is 358/3 - (-70)/d a prime number?
False
Is 24/(24/(-4)) - -13967 composite?
False
Let z be (-3987)/6*-9*(1 + -3). Is z/(-7) + (-14)/(-49) composite?
False
Is 9/6 + 4*(-1247600)/(-128) a composite number?
True
Let g(o) = -2075*o - 154. Let i be g(-10). Let f = -12267 + i. Is f prime?
True
Suppose 54*d - 6925260 - 4959654 = 0. Is d prime?
False
Is (20/(-20) - -18)*29473 prime?
False
Let r(l) = -7133*l + 1621. Is r(-62) a prime number?
True
Let o(h) = -217*h**2 + 8*h. Let j be o(-4). Let l = 6293 + j. Is l composite?
False
Let v(q) = q**3 - 22*q**2 - 72*q + 45. Let t be v(27). Suppose 141*h - 3*r + t = 144*h, 4*r - 4 = 0. Is h composite?
True
Is ((-265)/212 - (-7537746)/(-8))/(2/(-4)) a prime number?
False
Suppose 0 = -3*n - 15, -11586 = -39*i + 38*i + 4*n. Is i composite?
True
Let f(m) = 183*m - 30. Let j be f(-5). Let t = -474 - j. Is t prime?
False
Let q be (-33)/(-2) + 24/48. Let w(d) = -5*d - 1 - q*d + 10. Is w(-7) composite?
False
Let l(g) = -3*g**2 + 24*g - 16. Let h be l(7). Is (h/(-10))/((-1)/11558) composite?
False
Is ((-178197)/12)/((-42)/104 - (-82)/533) prime?
True
Let t be (10 + -4)*231/14. Is (-2915)/t*-77 + 4/(-18) composite?
False
Suppose 122*v + 536027 = 2937109. Is v prime?
True
Let u be 2 + (-205401 - 0)/(-7). Suppose 22*y = 17*y + 20, 5*y = 5*n - u. Is n a composite number?
True
Let g(t) = -314*t + 3. Let l(o) = 4*o + 20. Let u be l(-4). Suppose 2*i + u*s + 3 = 11, 4*i - s = -20. Is g(i) a composite number?
False
Let l be 1 - -22*((-3)/(-2))/3. Suppose -l*b = -0*b - 27804. Is b a prime number?
False
Let q = -45 - 267. Let t = q - 361. Let b = t - -1214. Is b composite?
False
Suppose 0 = -14*r + 7*r + 20342. Let g = 4703 + r. Is g composite?
True
Is ((6 - 9) + (24542 - -8))/1 composite?
False
Let l(g) = -2*g**3 + 45*g**2 + 215*g + 13. Let y be l(27). Suppose -p - 1216 = 3*p. Let h = p - y. Is h a composite number?
False
Let h = -31054 + 66723. Is h composite?
True
Let l(i) = -9813*i + 278. Is l(-3) prime?
True
Is 9*-1 - ((-488352387)/1071 - 6/126) prime?
True
Let p(k) = -37*k**3 + 2*k**2 - k - 1. Suppose -3*q - 2*x = -14, -2*q = 2*x + x - 16. Suppose 5*d + 3*f = 2*d - 12, -q*f = -3*d - 2. Is p(d) composite?
True
Suppose 2*w - 1449 - 1229 = 0. Suppose 2006 = 5*g - 2*g - z, 2*g = -z + w. Is g composite?
True
Suppose 26*a = 12*a + 1078. Suppose -79*q = -a*q - 3026. Is q prime?
False
Let w be (0 - 0)/(4 - 5). Suppose -5*x + 30 = -0*c - 5*c, 2*x + 3*c - 2 = w. Suppose -x*h = -130 - 198. Is h a prime number?
False
Let n be 2 - 5/10*-15454. Let x(p) = -2*p - 3. Let k be x(-4). Suppose -2534 + n = k*u. Is u a composite number?
False
Suppose 5*g = -2*r + 85067 + 60592, -3*r = 14*g - 407866. Is g a prime number?
False
Let m = -65 - -65. Suppose -74*a + 72*a + 7916 = m. Is a a composite number?
True
Let s = 413 - 413. Is (20 - 21)*(-2339 + s) composite?
False
Let m = 40734 - 11945. Is m a prime number?
True
Suppose 22*b = 234165 + 66377. Is b composite?
True
Is 8 + (-112847)/(-161) + 14/161 a composite number?
False
Suppose -19*u = 11*u - 2121450. Is u a composite number?
True
Let k(y) = 425*y**2 + 88*y + 1147. Is k(-40) a composite number?
False
Let d(p) = -2*p**3 - p**2 + 2*p + 1. Let l(s) = 10*s**3 + s**2 + 5*s + 15. Let t(m) = 6*d(m) - l(m). Is t(-4) composite?
False
Suppose -86*g = -127*g + 11333671. Is g composite?
True
Let u(f) = 124*f**2 - 44*f - 1. Is u(-52) prime?
True
Suppose -5*f + 5*d + 13694 = 9*d, -f + d = -2737. Let j = 4560 - f. Is j prime?
False
Suppose -2*m - 42 = 4*x, -14*x + 17*x - 2*m = -42. Is 26420/x*-3 - 6 composite?
False
Let l(k) = 40*k**2 + 11*k - 1. Suppose 4 = d + 2. Suppose 5*t = -4*m - 24, d*t = t - 2*m. Is l(t) composite?
True
Let n = -1102 + 1116. Suppose -5*l + 150690 = -0*l. Is l/n - ((-52)/(-14) - 4) prime?
True
Suppose 32*l - 7*l = 200, 0 = 3*i - 5*l - 571859. Is i a prime number?
True
Suppose -o + 6903 = w + 437, -5*o = -4*w - 32348. Let h = -1677 + o. Is h prime?
False
Is (-71948925)/(-225)*2/6 composite?
False
Let u(v) = 146*v**2 - 6*v + 3. Let o be u(9). Suppose -3*i = n - 9676, -o = -n - 4*i - 2097. Suppose 57*g - n = 55*g. Is g a composite number?
True
Let l = 111 + -88. Suppose 0 = l*z - 18*z - 10855. Is z composite?
True
Let s be (4 + -4 - 1)*71. Let a = 10 - s. Suppose 2*h + a - 911 = 0. Is h a composite number?
True
Suppose -7*k = 35*k - 1864038 - 1077096. Is k composite?
True
Let m(a) = a**3 - 2*a**2 - 14*a + 29. Let b be m(4). Suppose 4*d = 4*y + 9920, 4318 = b*d - y - 8094. Is d prime?
False
Let v(s) be the first derivative of s**3/3 - 7*s**2 + 14*s + 15. Let u be v(13). Is 5 + 643 - (u - 0) prime?
True
Suppose -92*x = -99*x + 16044. Let u(l) = -l + 4. Let h be u(6). Is 11/h*x/(-6) prime?
False
Suppose 0 = -124*m + 3909425 - 498309. Is m a prime number?
True
Let j(q) = 386*q - 9. Let b be j(3). Let h = b + -1757. Let x = -315 - h. Is x a composite number?
False
Let n be 13/7 + 2/14. Suppose 117 = n*z + 49. Suppose -9*x - z = -10*x. Is x a prime number?
False
Suppose u + 0*u = 2*p - 2794, -p = 4*u - 1397. Let r = -250 + p. Is r prime?
False
Suppose 5*i + f + 540 = 0, 432 = -6*i + 2*i - 2*f. Let l = 134 + i. Let n = l - -161. Is n a composite number?
True
Let r(h) = -h**3 + h**2 + 7*h - 2. Let i be r(0). Let t(p) = -282*p + 2. Let g be t(3). Is (g/(-8))/(i + (-21)/(-10)) a prime number?
False
Let c(t) = 2*t**2 - 2*t - 4. Let p be c(4). Let i = -13 - 397. Is (-1)/2 + 1 - i/p a composite number?
True
Suppose -3*v + 2*j = -87 - 8, 0 = -5*v + 4*j + 157. Is v composite?
True
Is ((-690448)/1144)/(2/(-26)) a prime number?
False
Let x be (-87615)/25 - (4 + (-18)/5). Let z = x - -6104. Is z prime?
False
Suppose 0 = 9*l + 31 + 5. Is 59/((3 - -2) + l) composite?
False
Let u = 307141 - 157172. Is u prime?
True
Suppose -g + 263 = -5*s + 101, 0 = 4*s + 20. Suppose 9*u - 608 = 94. Let p = g - u. Is p prime?
True
Let d(u) = -u**3 + 2*u**2 + 2*u + 5. Let k be d(3). Is 1533 - -1 - (7 + -1)/k prime?
True
Suppose -41982 = 9*k - 1419891. Is k a prime number?
False
Is (-402)/(-536)*975368/6 composite?
False
Let k(q) = -15*q - 87. Let c be k(-6). Suppose 5*n + 9284 = -4*p + 52561, -3*p + 25965 = c*n. Is n a prime number?
False
Let t(g) = 66*g**2 + g + 4839. Is t(110) prime?
True
Let m = -51 - -115. Let d = m + 520. Let j = d - -707. Is j a composite number?
False
Suppose -95*k - 16644669 + 52303204 = 0. Is k a composite number?
True
Let m be ((-40)/30)/(-2 + (-32)/(-18)). Is -1*(0 + 2099)*(-7 + m) a composite number?
False
Suppose -2*i = -5*b - 22790, i + 3*i - 45580 = 3*b. Suppose 0 = -s + 5, -i = -4*c + s - 4*s. Let a = c + -1590. Is a prime?
False
Let q(i) = 2296*i**3 - 8*i**2 + 2*i + 3. Is q(5) prime?
True
Is 37